5*z, 0 = 2*j + 4*z - 19 - 15. Suppose d - j = 1. What is the units digit of d?
2
Let j(w) = w**2 + 11*w - 7. Let v be j(-11). Let z = -5 - v. Suppose 0 = -x + 3*b + 15, -b = z*b. What is the tens digit of x?
1
Suppose k + 19 = 2*z, -4*k = z + z - 14. Suppose 0*a - z = -a. Suppose -4*y = 4*r - 40, -2*y + a = y - 4*r. What is the units digit of y?
7
Let t(p) = p**3 + 6*p**2 + 6*p + 6. Let n be 1/((-8)/(-10))*-4. Let b be t(n). What is the units digit of 5*(1 + b) + -1?
9
What is the units digit of (-1338)/(-24) - (-3)/12?
6
Let x = -25 - -18. Let s(c) = 7*c + 11. Let m(v) = 15*v + 22. Let n(y) = -6*m(y) + 13*s(y). What is the units digit of n(x)?
4
Suppose 9*p = 12*p - 72. What is the units digit of p?
4
Suppose 5*o + 4*m = 300, 9*o - 4*o + 3*m - 295 = 0. What is the units digit of o?
6
Let d(n) = 37*n - 1. Let j be d(3). Suppose -j = -4*x + 66. What is the tens digit of x?
4
Let o = 2 + 2. Let l = 11 - o. What is the units digit of l?
7
Let j(h) = h**3 - 3*h**2 + 2*h - 1. Let b be j(2). Suppose 2*l - 10 = -3*l. Let v = l - b. What is the units digit of v?
3
Suppose 0 = 5*q - 4*c - 8 - 5, 5*q - 31 = -2*c. Let p(g) = -g**2 + 4*g + 5. Let h be p(q). What is the units digit of 1/(2/14 - h)?
7
Suppose o + 4 = -2*h + 2*o, -3*h - 4*o + 16 = 0. Suppose -3*q + h*q = 9. What is the tens digit of (-14)/q*(-90)/(-35)?
1
Suppose -4*m + 40 = -3*m. What is the units digit of m?
0
Suppose 2*c - 21 - 29 = 0. Suppose 5*p - 125 = -c. What is the tens digit of p?
2
Suppose -8*a = -11*a + 51. What is the tens digit of a?
1
Suppose 77 = -4*g + 5*h + 324, 0 = -g - 4*h + 46. What is the tens digit of g?
5
Suppose 5*b = -4*f + 5 + 2, 0 = -2*f - 2*b + 6. What is the tens digit of (7 - f)/(1/(-18))?
1
Let y(u) = 5*u**2 - 3. What is the units digit of y(4)?
7
Suppose 0 = 2*r - 50. What is the units digit of r?
5
Suppose -49*q = -53*q + 436. What is the units digit of q?
9
Let l be (-2)/6 + (-15)/9. What is the units digit of (0 - l - -2)*3?
2
Suppose -3*c - 9 = -4*d, -2*c = -3*d + 2*c + 5. Suppose d*n - 29 = 16. What is the units digit of n?
5
Let x(z) = -z**2 + 2*z + 2*z - 5 + 4*z. Let v be x(7). Suppose -5 = -v*l + 1. What is the units digit of l?
3
Let b be (0 - 1/(-2))*0. Let x be (b - (2 - 3))*2. Let v(z) = z**2 - 2*z + 3. What is the units digit of v(x)?
3
Let r be (1 + 2)*(-8)/(-6). Let l be -3 - (-2 - (-2 + 3)). Suppose r*p - 3*d - 8 = l, -2*p - 3*p + 10 = 3*d. What is the units digit of p?
2
Let r(p) = -102*p**3 - p**2. What is the units digit of r(-1)?
1
Suppose 16 = 4*i + r, -i = -3*i - 5*r + 8. Let m(x) = x**3 - 4*x**2 + 5. Let u be m(4). Let a = u - i. What is the units digit of a?
1
What is the tens digit of (-3)/(-12) + (-501)/(-12)?
4
Suppose -2*q + 31 = -19. Suppose v + 4*p = q, 5 = p + 3. What is the units digit of v?
7
Suppose r + 15 = 4*p, -p + 4*r = r - 12. Suppose -2*j + 11 = 5*u - p*j, -2*u = 2*j - 14. Suppose -k + u - 1 = 0. What is the units digit of k?
2
Let i be (-2)/(-10) + 46/(-5). Let k(w) = w**2 + 9*w - 10. Let s be k(i). What is the units digit of ((-3)/2)/(3/s)?
5
What is the tens digit of (1 + -2)/(-2*1/186)?
9
Suppose 4*n - 1 = 7. Suppose n*i - 3 = i. Suppose 4*d = -16, -a + 3*d + i = -2*a. What is the units digit of a?
9
Suppose r - 5*f = -f + 4, 0 = -5*f + 15. Let d = -10 + r. Suppose 3*k - d = -0*h + 3*h, 3*k = 2*h + 9. What is the units digit of k?
5
Suppose -3*h - 5 = -2. What is the units digit of (-19)/(-1)*1 - h?
0
Suppose -m - 2*m + 6 = 0. Suppose 0 = 5*s - 15, 3*w = 5*s - 8 + m. What is the units digit of w?
3
Let l = -16 - -25. What is the units digit of l?
9
Let h be (2 + 1)*32/(-12). Suppose -4*x - 14 = 2. What is the units digit of (-2)/x*-2 - h?
7
Suppose -4*j + 3*j + 2*u = -194, 5*j - 5*u - 995 = 0. Suppose 0 = 6*q - 2*q - j. What is the units digit of q?
1
Suppose -13*o = -17*o. Suppose o*a + 4*a - 44 = 0. What is the units digit of a?
1
Suppose -4*x + 2*u + 846 = 0, 426 = 3*x - 3*u - 201. What is the tens digit of x?
1
Let b = -6 + 160. What is the hundreds digit of b?
1
Suppose 0*v - 39 = -v. What is the units digit of v?
9
Suppose -m + 17 - 2 = 0. What is the units digit of m*(0 + (-4)/(-10))?
6
Suppose 2*g = 2*d + 12, -2*g - 1 = -4*d - 15. Let p be (35/2)/(d/(-2)). Suppose 5*w + 3*s = p, -7 = -w + 4*s - 2*s. What is the units digit of w?
7
Let r be -1 + (-1)/(-2)*-4. Suppose 2*v = 6*v + m + 14, 4*v - m = -18. What is the units digit of v/r*(-18)/(-4)?
6
Let x be (-1*12)/(7 - 6). What is the tens digit of 361/11 - x/66?
3
Let z be -5 + 3 + (0 - -16). Let i be ((-12)/z)/((-4)/28). Suppose 4*s = -i + 34. What is the units digit of s?
7
Suppose 5*s + 139 = 3*x, -4*x + 6*s + 188 = 2*s. What is the units digit of x?
8
Let d(v) = -v**2 - v. Let q be d(0). Suppose 0*m + 3*m - 24 = q. What is the units digit of m?
8
Let g(p) = -25*p - 2. Let v be g(-2). Suppose 3*f = 9 + v. What is the units digit of f?
9
Let g = 0 - -3. Let l = 18 - 10. Let n = l - g. What is the units digit of n?
5
Suppose 2*q - 15 = -q. What is the units digit of q?
5
Suppose 1 = -2*p + 5. What is the units digit of p?
2
Let g be ((-67)/(-4))/(2/8). Suppose 5*a - 13 = g. What is the units digit of a?
6
Suppose 0 = -0*w - 5*w + 10. Let s(q) = q**3 - 2*q**2 + 2*q - 1. Let b be s(w). Suppose -a = -b + 1. What is the units digit of a?
2
Suppose 0 = 3*p + 3*j - 5*j - 76, -4*j = 20. Let g = 48 - p. What is the tens digit of g?
2
Suppose 5*c = 40 + 75. Suppose -100 = 18*d - c*d. What is the units digit of d?
0
Let b(m) be the first derivative of -m**4/4 - 5*m**3/3 - m**2/2 + 7*m + 3. What is the units digit of b(-5)?
2
Let n = -6 + 10. Let h(k) = k**2 - 5*k - 2. Let p be h(6). Suppose n*u + 5*i - 45 = 0, -i = -p*u - 5*i + 40. What is the units digit of u?
5
Suppose 3*b + 2*b - 17 = 4*u, -2*u = -2*b + 8. Suppose 0 = -3*l + 2*l. Let o = b - l. What is the units digit of o?
1
Let q be (-4)/(-14) + (-4)/14. Suppose q*f = -f + 3. What is the units digit of 4/f + 2/3?
2
Let u(i) = i**2 + 8*i - 2. Let w be u(-8). Let s(n) = -n**3 + 3*n**2 + 5*n. Let b be s(4). What is the units digit of (-1 - w) + -2 + b?
3
Let v be (-8)/5*(-10)/4. Suppose 4*t + 4*o = -o + 65, v = 4*o. What is the tens digit of t?
1
Suppose 5*t = -5*x + 325, 3*x - 130 = -2*t + 7*x. What is the tens digit of t?
6
Suppose u + 7 = 2*v - 4, 5*u = 3*v - 27. Suppose -v*l + 6 = -2. What is the units digit of (1 - l)/(-1)*4?
4
Let t(v) = v**3 - 4*v**2 - 2*v + 3. Let x = -11 + 16. What is the units digit of t(x)?
8
Let k(q) = -10*q + 3. Let u(c) = 21*c - 7. Let l(w) = 7*k(w) + 3*u(w). What is the tens digit of l(-2)?
1
Suppose 5*v - 4 - 6 = 0. Let x(f) = 2*f**3 + f. What is the units digit of x(v)?
8
Suppose -3*n = -2*k - 2*k + 9, -4*k + n + 19 = 0. Suppose -9*z + k*z = -57. What is the tens digit of z?
1
Let k(h) = h - 16. Let w be k(8). Suppose 3*o = -2*o + 110. Let f = o + w. What is the tens digit of f?
1
Suppose 0 = 3*k - 2*s - 16 - 107, 0 = 4*k + 5*s - 141. What is the tens digit of k?
3
Suppose -117 = 5*v + 83. Let k be v/(-25)*(-5)/(-2). What is the tens digit of 3/(-1 + k) + 9?
1
Let a be 1 - (-1)/((-3)/45). What is the units digit of ((-4)/(-2))/((-4)/a)?
7
Let a(g) = g**3 - 14*g**2 - 31*g - 2. What is the tens digit of a(16)?
1
Let z(w) = 2*w**3 + w**2 - 1. Let i be z(1). Let v = i + -2. Let x = v + 6. What is the units digit of x?
6
Let j = 110 + -72. Let x = 64 - j. What is the units digit of x?
6
Let r(v) = -v**3 - 5*v**2 + 6. Let f be r(-6). Suppose -40*y + 39*y = -f. What is the tens digit of y?
4
Suppose -4*q = -2*q - 10. What is the units digit of q?
5
Suppose 105 = 3*r - l, 3*l - 259 + 70 = -5*r. Let n = r - 25. What is the units digit of n?
1
Suppose 8 = -4*i - 2*q - 20, q + 2 = 0. What is the units digit of 27/6*(-4)/i?
3
Suppose 5*x - 147 - 28 = 0. What is the units digit of x?
5
Suppose 2*h = -3*p + 3*h + 673, 3*h = 2*p - 451. What is the tens digit of p?
2
Let n(g) = 2*g**2 - 5*g + 2. Let o be n(3). Suppose o*u + 2*t = 4, 19 = -2*u + 7*u - 3*t. What is the units digit of -2 + (1 - -1) + u?
2
Let b(n) = n**3 - 5*n**2 + 6*n - 6. Let j be 1 + 2/(4/2). Suppose a - j*a = -4. What is the units digit of b(a)?
2
Let s(h) = -h**3 + 24*h**2 - 16*h + 34. What is the units digit of s(23)?
5
Let l(n) = 7*n**3 + 3*n**2 + 6*n - 10. What is the hundreds digit of l(3)?
2
Let z = 0 + 1. Let j(w) = w**